f 8153820?
True
Does 7 divide 7618917?
False
Is 269499 a multiple of 98?
False
Is 532424 a multiple of 8?
True
Is 18 a factor of 2792066?
False
Is 8898202 a multiple of 241?
True
Does 42 divide 649627?
False
Is 34 a factor of 2672128?
True
Is 563 a factor of 10686303?
True
Is 929898 a multiple of 114?
True
Does 40 divide 1150840?
True
Is 46 a factor of 1158011?
False
Does 11 divide 92301?
True
Is 16 a factor of 704963?
False
Does 199 divide 41834?
False
Does 123 divide 7280616?
True
Is 42 a factor of 475062?
True
Is 18 a factor of 14612?
False
Is 47 a factor of 5543368?
True
Is 340505 a multiple of 3?
False
Is 7 a factor of 446466?
False
Does 14 divide 625772?
True
Is 164 a factor of 486285?
False
Is 217 a factor of 2784327?
True
Is 267623 a multiple of 11?
False
Is 11 a factor of 199144?
True
Does 23 divide 54234?
True
Is 39 a factor of 2330484?
True
Does 223 divide 4229195?
True
Does 8 divide 110456?
True
Does 1189 divide 11994632?
True
Is 57420 a multiple of 10?
True
Is 128 a factor of 1054208?
True
Is 14 a factor of 8986138?
True
Is 209 a factor of 243067?
True
Does 112 divide 45713?
False
Does 4 divide 226301?
False
Does 17 divide 90700?
False
Is 274185 a multiple of 27?
True
Does 117 divide 39120?
False
Is 695 a factor of 9210140?
True
Is 17 a factor of 1767915?
True
Is 101483 a multiple of 90?
False
Does 281 divide 564529?
True
Does 7 divide 250110?
True
Is 521460 a multiple of 22?
False
Is 8109612 a multiple of 54?
True
Is 4720368 a multiple of 48?
True
Is 11783 a multiple of 3?
False
Is 1763535 a multiple of 555?
False
Is 91013 a multiple of 3?
False
Is 624 a factor of 20959536?
True
Is 56 a factor of 3076416?
True
Does 260 divide 771160?
True
Is 16 a factor of 2204880?
True
Is 9 a factor of 1710654?
False
Does 40 divide 399400?
True
Does 17 divide 615060?
True
Is 77 a factor of 7738432?
False
Is 26 a factor of 553332?
True
Is 15264 a multiple of 24?
True
Does 65 divide 423735?
True
Does 12 divide 2830968?
True
Does 30 divide 368970?
True
Is 238992 a multiple of 13?
True
Does 6 divide 17568?
True
Is 9 a factor of 12084?
False
Is 180274 a multiple of 17?
False
Is 613785 a multiple of 85?
True
Does 617 divide 3507645?
True
Is 24 a factor of 23315088?
True
Is 400836 a multiple of 8?
False
Is 10 a factor of 555151?
False
Is 3780 a multiple of 21?
True
Is 1400943 a multiple of 41?
False
Is 18 a factor of 774090?
True
Does 462 divide 199962?
False
Is 503914 a multiple of 283?
False
Is 11 a factor of 78772?
False
Does 60 divide 11228?
False
Is 569693 a multiple of 9?
False
Is 9248507 a multiple of 705?
False
Does 577 divide 427881?
False
Is 122045 a multiple of 55?
True
Does 38 divide 18050?
True
Is 3 a factor of 59359?
False
Does 17 divide 128299?
True
Is 27 a factor of 110970?
True
Is 5526024 a multiple of 508?
True
Is 536 a factor of 2641408?
True
Does 38 divide 1494692?
True
Does 248 divide 192200?
True
Is 138 a factor of 713736?
True
Is 24 a factor of 1110048?
True
Does 21 divide 1051785?
True
Does 11 divide 2098569?
True
Is 982423 a multiple of 26?
False
Does 6 divide 453916?
False
Is 1001 a factor of 1953952?
True
Is 16 a factor of 3835840?
True
Does 9 divide 6201927?
True
Does 57 divide 574845?
True
Is 135 a factor of 49680?
True
Is 24819 even?
False
Is 8305 a multiple of 55?
True
Does 16 divide 45054?
False
Is 2885674 a multiple of 20?
False
Does 632 divide 642335?
False
Does 25 divide 114924?
False
Is 50 a factor of 339014?
False
Is 694585 a multiple of 48?
False
Is 36360000 a multiple of 12?
True
Is 28 a factor of 332582?
False
Is 14 a factor of 32354?
True
Is 457542 a multiple of 9?
True
Does 18 divide 407844?
True
Is 9 a factor of 761486?
False
Does 32 divide 49312?
True
Is 329 a factor of 3495954?
True
Does 282 divide 1727814?
True
Is 10000782 a multiple of 66?
True
Does 798 divide 11764360?
False
Does 27 divide 248071?
False
Does 198 divide 2249478?
True
Is 229660 a multiple of 43?
False
Is 11 a factor of 65134?
False
Does 12 divide 330393?
False
Is 23 a factor of 144923?
True
Does 177 divide 3338268?
False
Is 79851 a multiple of 3?
True
Is 294077 a multiple of 524?
False
Is 153754 a multiple of 7?
False
Is 19 a factor of 150076?
False
Does 248 divide 6298485?
False
Does 130 divide 115310?
True
Does 651 divide 42734016?
False
Is 55140 a multiple of 15?
True
Is 4 a factor of 25203?
False
Is 146 a factor of 454479?
False
Is 1331087 a multiple of 21?
False
Is 395880 a multiple of 33?
False
Is 11 a factor of 31950?
False
Does 9 divide 12618792?
True
Does 328 divide 860672?
True
Is 2187508 a multiple of 4?
True
Does 15 divide 8558991?
False
Is 1129211 a multiple of 5?
False
Does 14 divide 76104?
True
Does 7 divide 54677?
True
Is 43080 a multiple of 12?
True
Is 155 a factor of 585366?
False
Does 770 divide 6799100?
True
Is 21121559 a multiple of 1912?
False
Is 100 a factor of 543517?
False
Does 36 divide 262911?
False
Is 1598493 a multiple of 51?
True
Does 336 divide 5780677?
False
Is 15 a factor of 287198?
False
Is 59 a factor of 385591?
False
Is 22 a factor of 60211?
False
Is 341 a factor of 112463?
False
Is 30 a factor of 1254275?
False
Does 10 divide 109347?
False
Is 411 a factor of 3288411?
True
Is 1731061 a multiple of 5?
False
Does 7 divide 1677672?
False
Does 75 divide 50440?
False
Is 64428 a multiple of 28?
True
Does 250 divide 232000?
True
Is 46 a factor of 208639?
False
Is 1231246 a multiple of 34?
False
Is 6125430 a multiple of 10?
True
Is 42320 a multiple of 529?
True
Is 75542 a multiple of 90?
False
Is 7 a factor of 35366?
False
Does 42 divide 852264?
True
Is 168 a factor of 1392216?
True
Is 14824 a multiple of 17?
True
Does 40 divide 3840374?
False
Is 20 a factor of 342560?
True
Is 8522462 a multiple of 178?
True
Does 17 divide 1068904?
False
Is 119 a factor of 282025?
False
Does 136 divide 101982?
False
Is 111 a factor of 84804?
True
Is 17596 a multiple of 83?
True
Is 174891 a multiple of 291?
True
Is 4952384 a multiple of 446?
True
Is 21 a factor of 275961?
True
Does 41 divide 27674?
False
Is 105 a factor of 591022?
False
Is 239166 a multiple of 129?
True
Is 195383 a multiple of 16?
False
Is 24 a factor of 72787?
False
Does 231 divide 21751?
False
Is 9 a factor of 9110?
False
Is 13215 a multiple of 4?
False
Does 193 divide 512922?
False
Does 137 divide 1018722?
False
Is 7551210 a multiple of 8?
False
Is 671251 a multiple of 215?
False
Is 36 a factor of 110748?
False
Is 297189 a multiple of 88?
False
Does 42 divide 901152?
True
Is 26987 a multiple of 4?
False
Is 61 a factor of 617476?
False
Does 19 divide 4543261?
True
Does 17 divide 820312?
False
Is 2999189 a multiple of 47?
False
Is 7087717 a multiple of 7?
True
Is 313720 a multiple of 230?
True
Is 1842 a factor of 4469505?
False
Is 129380 a multiple of 88?
False
Does 21 divide 224072?
False
Does 11 divide 390203?
True
Is 2663136 a multiple of 224?
True
Is 13 a factor of 3437408?
True
Is 5 a factor of 17031?
False
Does 10 divide 499130?
True
Is 473 a factor of 357908?
False
Does 75 divide 73704?
False
Does 23 divide 3482420?
False
Does 41 divide 3665892?
True
Is 348 a factor of 5485872?
True
Is 78494 a multiple of 14?
False
Is 952 a factor of 406504?
True
Does 8 divide 253448?
True
Is 146 a factor of 1232240?
True
Is 204484 a multiple of 268?
True
Does 17 divide 234481?
True
Is 1174680 a multiple of 17?
False
Does 1340 divide 15022740?
True
Is 1587 a factor of 5575131?
True
Is 340250 a multiple of 67?
False
Is 422970 a multiple of 13?
False
Is 77527 a multiple of 26?
False
Is 341 a factor of 1681803?
False
Is 305231 a multiple of 19?
False
Is 128728 a multiple of 385?
False
Is 18 a factor of 16113548?
False
Is 4318680 a multiple of 5?
True
Is 19 a factor of 20689062?
True
Is 219177 a multiple of 71?
True
Is 21177 a multiple of 84?
False
Is 208106 a multiple of 10?
False
Does 30 divide 296277?
False
Is 94808 a multiple of 56?
True
Is 23 a factor of 638643?
False
Does 5 divide 1089128?
False
Is 423574 a multiple of 207?
False
Is 188825 a multiple of 13?
True
Is 71211 a multiple of 21?
True
Is 601903 a multiple of 9?
False
Does 19 divide 878750?
True
Is 9 a factor of 22795713?
True
Does 285 divide 145129?
False
Is 991990 a multiple of 38?
True
Is 15280947 a multiple of 33?
True
Is 431 a factor of 2198654?
False
Is 1070951 a multiple of 16?
False
Is 35294 a multip